{"id":4,"date":"2014-01-13T21:56:49","date_gmt":"2014-01-13T19:56:49","guid":{"rendered":"http:\/\/www.primeval-aussies.at\/wordpress\/?page_id=4"},"modified":"2022-08-21T18:40:57","modified_gmt":"2022-08-21T17:40:57","slug":"der-aussie","status":"publish","type":"page","link":"https:\/\/www.primeval-aussies.at\/wordpress\/der-aussie\/","title":{"rendered":"Der Aussie"},"content":{"rendered":"<div class=\"wp-block-image\">\n<figure class=\"aligncenter\"><a href=\"https:\/\/www.primeval-aussies.at\/wordpress\/wp-content\/uploads\/2022-08-21.jpeg\"><img loading=\"lazy\" decoding=\"async\" width=\"768\" height=\"1024\" src=\"https:\/\/www.primeval-aussies.at\/wordpress\/wp-content\/uploads\/2022-08-21-768x1024.jpeg\" alt=\"\" class=\"wp-image-3524\" srcset=\"https:\/\/www.primeval-aussies.at\/wordpress\/wp-content\/uploads\/2022-08-21-768x1024.jpeg 768w, https:\/\/www.primeval-aussies.at\/wordpress\/wp-content\/uploads\/2022-08-21-225x300.jpeg 225w, https:\/\/www.primeval-aussies.at\/wordpress\/wp-content\/uploads\/2022-08-21-1152x1536.jpeg 1152w, https:\/\/www.primeval-aussies.at\/wordpress\/wp-content\/uploads\/2022-08-21.jpeg 1200w\" sizes=\"auto, (max-width: 768px) 100vw, 768px\" \/><\/a><\/figure>\n<\/div>\n\n\n<p class=\"wp-block-paragraph\">Der Australian Shepherd stammt aus Nordamerika. Seinen Namen&nbsp; bekam er dadurch, dass Sch\u00e4fer im 19. Jahrhundert Merinoschafe nach Amerika brachten, die aus Australien exportiert worden waren. Die Schafe nannte man &#8222;Australian Sheep&#8220; daher der Name des H\u00fctehundes!<\/p>\n\n\n\n<p class=\"wp-block-paragraph\">Der Australian Shepherd Club of America (ASCA) er\u00f6ffnete 1957 das erste Zuchtbuch f\u00fcr die Rasse.<\/p>\n\n\n\n<p class=\"wp-block-paragraph\">Nach Europa kamen die Australian Shepherds erst in den siebziger Jahren, als man begann American Quarter Horses nach Europa zu importieren und das Westernreiten bei uns an Beliebtheit zunahm.<\/p>\n\n\n\n<p class=\"wp-block-paragraph\">Wer sich f\u00fcr einen Australian Shepherd entscheidet sollte sich vorher ausgiebig \u00fcber die Rasse informieren und sich nicht von seiner Sch\u00f6nheit blenden lassen. Als Halter muss man diesem bewegungsfreudigen und intelligenten Hund gerecht werden k\u00f6nnen.<\/p>\n","protected":false},"excerpt":{"rendered":"<p>Der Australian Shepherd stammt aus Nordamerika. Seinen Namen&nbsp; bekam er dadurch, dass Sch\u00e4fer im 19. Jahrhundert Merinoschafe nach Amerika brachten, die aus Australien exportiert worden waren. Die Schafe nannte man &#8222;Australian Sheep&#8220; daher der Name des H\u00fctehundes! Der Australian Shepherd Club of America (ASCA) er\u00f6ffnete 1957 das erste Zuchtbuch f\u00fcr die Rasse. Nach Europa kamen &hellip; <a href=\"https:\/\/www.primeval-aussies.at\/wordpress\/der-aussie\/\" class=\"more-link\"><span class=\"screen-reader-text\">Der Aussie<\/span> weiterlesen <span class=\"meta-nav\">&rarr;<\/span><\/a><\/p>\n","protected":false},"author":1,"featured_media":0,"parent":0,"menu_order":1,"comment_status":"closed","ping_status":"closed","template":"page-templates\/full-width.php","meta":{"_crdt_document":"","advgb_blocks_editor_width":"","advgb_blocks_columns_visual_guide":"","_monsterinsights_skip_tracking":false,"_monsterinsights_sitenote_active":false,"_monsterinsights_sitenote_note":"","_monsterinsights_sitenote_category":0,"ngg_post_thumbnail":0,"footnotes":"","_links_to":"","_links_to_target":""},"class_list":["post-4","page","type-page","status-publish","hentry"],"aioseo_notices":[],"coauthors":[],"author_meta":{"author_link":"https:\/\/www.primeval-aussies.at\/wordpress\/author\/wordpressadmin\/","display_name":"Benjamin"},"relative_dates":{"created":"Ver\u00f6ffentlicht 12\u00a0Jahren vor","modified":"Aktualisiert 4\u00a0Jahren vor"},"absolute_dates":{"created":"Ver\u00f6ffentlicht am 13. Januar 2014","modified":"Aktualisiert am 21. August 2022"},"absolute_dates_time":{"created":"Ver\u00f6ffentlicht am 13. Januar 2014 21:56","modified":"Aktualisiert am 21. August 2022 18:40"},"featured_img_caption":"","featured_img":false,"series_order":"","_links":{"self":[{"href":"https:\/\/www.primeval-aussies.at\/wordpress\/wp-json\/wp\/v2\/pages\/4","targetHints":{"allow":["GET"]}}],"collection":[{"href":"https:\/\/www.primeval-aussies.at\/wordpress\/wp-json\/wp\/v2\/pages"}],"about":[{"href":"https:\/\/www.primeval-aussies.at\/wordpress\/wp-json\/wp\/v2\/types\/page"}],"author":[{"embeddable":true,"href":"https:\/\/www.primeval-aussies.at\/wordpress\/wp-json\/wp\/v2\/users\/1"}],"replies":[{"embeddable":true,"href":"https:\/\/www.primeval-aussies.at\/wordpress\/wp-json\/wp\/v2\/comments?post=4"}],"version-history":[{"count":11,"href":"https:\/\/www.primeval-aussies.at\/wordpress\/wp-json\/wp\/v2\/pages\/4\/revisions"}],"predecessor-version":[{"id":3526,"href":"https:\/\/www.primeval-aussies.at\/wordpress\/wp-json\/wp\/v2\/pages\/4\/revisions\/3526"}],"wp:attachment":[{"href":"https:\/\/www.primeval-aussies.at\/wordpress\/wp-json\/wp\/v2\/media?parent=4"}],"curies":[{"name":"wp","href":"https:\/\/api.w.org\/{rel}","templated":true}]}}